hat is w(-26)?
-81
Let y(b) = -b**3 + 25*b**2 - 82*b - 40. Give y(21).
2
Let a(h) = -3*h + 10. Calculate a(11).
-23
Let d(s) = 19*s + 4. Calculate d(-1).
-15
Let h(y) = -y**2 + 11*y - 16. Determine h(10).
-6
Let h(l) = l**3 - 5*l**2 + 8*l - 60. What is h(6)?
24
Let f(g) = g**3 + 9*g**2 - 5*g + 5. Calculate f(-9).
50
Let r(j) = -25*j**3 - 2*j + 1. Determine r(1).
-26
Let o(b) = -b**3 - 10*b**2 - 11*b - 12. Calculate o(-9).
6
Let u(k) = -2*k**2 + 3*k - 2. What is u(3)?
-11
Let f(g) = -g**3 - 11*g**2 - 7*g + 16. Calculate f(-10).
-14
Let j(l) = -l**2 - 8*l + 9. Give j(-9).
0
Let o(b) = b**2 + 9*b - 11. Determine o(-11).
11
Let c(w) = 4*w + 51. Determine c(-14).
-5
Let s(a) = -a**2 - 12*a - 16. Determine s(-11).
-5
Let b(y) = -5*y - 3. What is b(-4)?
17
Let l(a) = a**2 - a - 21. Calculate l(7).
21
Let s(q) = 15*q**2 - 3*q + 2. Give s(1).
14
Let p(c) = -22*c + 1. What is p(-1)?
23
Let o(t) = -t**3 - 29*t**2 - 198*t - 4. Determine o(-11).
-4
Let y(k) = -k**2 + 3*k - 2. Determine y(-3).
-20
Let z(p) = 17*p**2 - 9*p - 8. Calculate z(-1).
18
Let p(a) = a**2 + 8*a + 3. Calculate p(-7).
-4
Let c(i) = i**2 - 49*i + 91. Determine c(47).
-3
Let j(n) = n**3 - 6*n**2 - 6*n - 3. What is j(7)?
4
Let d(z) = 3*z**3 + 3*z**2 - 3*z + 1. Determine d(-3).
-44
Let d(a) = -a**3 + 4*a**2 + 5*a + 9. What is d(5)?
9
Let g(u) = -77*u + 310. Determine g(4).
2
Let w(s) = -49*s + 290. Give w(6).
-4
Let b(a) = 34*a + 484. Calculate b(-15).
-26
Let g(a) = -7*a + 34. Determine g(6).
-8
Let f(t) = t**3 - t**2 + 22. Give f(0).
22
Let g(j) = -j**3 - 9*j**2 + 25*j + 15. Determine g(-11).
-18
Let v(a) = a**2 + 17*a + 91. Give v(-7).
21
Let k(b) = -b**3 - 10*b**2 - 2*b - 20. Determine k(-10).
0
Let g(n) = n**3 + 2*n**2 - 18*n - 47. Calculate g(-3).
-2
Let n(h) = h**2 + 3*h + 3. What is n(3)?
21
Let q(o) = -2*o + 101. Give q(35).
31
Let h(x) = -9*x**2 + 40*x - 22. Calculate h(4).
-6
Let l(i) = 10*i + 106. Determine l(-10).
6
Let r(x) = -x**3 - 8*x**2 - 15*x - 22. Calculate r(-5).
-22
Let s(j) = 19*j - 4. Give s(0).
-4
Let f(t) = -150*t - 609. Determine f(-4).
-9
Let k(l) = l - 11. Determine k(7).
-4
Let p(h) = -h**3 - 7*h**2 + 9*h + 4. What is p(-8)?
-4
Let d(u) = -u**3 - 7*u**2 - 5*u + 1. What is d(-6)?
-5
Let n(i) = 3*i - 36. Calculate n(11).
-3
Let f(t) = t**2 - 34*t - 16. Give f(34).
-16
Let r(m) = m**3 - 4*m**2 - 11*m + 18. What is r(7)?
88
Let r(f) = -8*f**2 - 2*f. What is r(-1)?
-6
Let v(a) = -2*a**2 - 38*a - 30. Give v(-15).
90
Let c(w) = -w**3 - 8*w**2 + 10*w + 2. Calculate c(-9).
-7
Let w(f) = -f**3 - 17*f**2 + 3*f + 45. Calculate w(-17).
-6
Let i(p) = 33*p**3 + 2*p + 1. What is i(-1)?
-34
Let x(y) = -26*y**2 + 2*y + 2. Calculate x(-1).
-26
Let a(c) = -c**3 - 6*c**2 + 13*c - 18. Calculate a(-8).
6
Let k(f) = -f**2 + 5*f + 9. Give k(4).
13
Let p(o) = -o - 1. Give p(-7).
6
Let a(w) = -w**2 + 46*w - 171. Calculate a(42).
-3
Let c(d) = d**2 + 10*d - 11. Determine c(-9).
-20
Let i(w) = w**2 + 3*w - 11. Calculate i(-6).
7
Let u(j) = j**3 + 6*j**2 - 14. Calculate u(-6).
-14
Let m(x) = 17*x - 2. Determine m(-1).
-19
Let o(y) = 6*y + 9. What is o(-5)?
-21
Let i(f) = f**2 - 5*f + 47. Determine i(8).
71
Let u(b) = -2*b - 9. Determine u(-3).
-3
Let m(u) = -u**2 + 3*u + 4. Give m(-1).
0
Let w(j) = -9*j**2 + 4*j - 8. Calculate w(4).
-136
Let w(m) = -m**3 + 20*m**2 - 30*m + 203. Give w(19).
-6
Let c(u) = -u**2 - 20*u - 35. What is c(-18)?
1
Let j(k) = -k**3 - 5*k**2 + 6*k - 3. Calculate j(-5).
-33
Let l(g) = g**3 + 13*g**2 + 17*g - 12. What is l(-10)?
118
Let q(s) = 6*s - 84. Determine q(6).
-48
Let o(f) = -4*f - 1. Give o(8).
-33
Let x(t) = t + 2. Give x(9).
11
Let v(g) = -8*g - 6. Determine v(1).
-14
Let i(l) = -4*l**2 + 9*l - 8. Calculate i(5).
-63
Let o(z) = 38*z - 18. Give o(-3).
-132
Let s(z) = 4*z - 6. Give s(4).
10
Let a(l) = l**3 + 12*l**2 + 33*l + 3. What is a(-8)?
-5
Let z(a) = 13*a**2 - a - 1. Determine z(-1).
13
Let z(w) = w**2 - 12*w - 14. Calculate z(10).
-34
Let p(k) = 10*k**2 - 4*k + 3. What is p(3)?
81
Let n(w) = -3*w**3 + 6*w**2 - 7*w + 6. What is n(4)?
-118
Let p(z) = z**3 - 29*z**2 + z - 23. Give p(29).
6
Let u(f) = -f**3 - 9*f**2 - 3*f + 41. Calculate u(-6).
-49
Let d(q) = q + 26. Determine d(0).
26
Let z(a) = -a**2 + 2*a + 4. Give z(0).
4
Let s(y) = 18*y**3 + 2*y**2 + 4*y + 2. Determine s(-1).
-18
Let n(p) = -p - 7. Give n(-5).
-2
Let v(s) = -11*s - 10. What is v(-2)?
12
Let s(c) = -c**3 - 11*c**2 - 19*c - 13. Calculate s(-9).
-4
Let v(z) = 33*z - 409. Give v(12).
-13
Let g(l) = 3*l - 10. Calculate g(1).
-7
Let r(p) = p**2 + 9*p + 10. Give r(-7).
-4
Let p(a) = -a**2 - 8*a + 9. What is p(-10)?
-11
Let c(d) = 4*d + 1. Determine c(-5).
-19
Let m(y) = y**3 - 21*y**2 - 28*y + 68. Give m(22).
-64
Let b(d) = -62*d + 4. Calculate b(1).
-58
Let t(z) = z**3 + 9*z**2 + 7*z. Determine t(-9).
-63
Let l(u) = 52*u**2 + 3*u - 2. Determine l(1).
53
Let r(w) = 31*w - 3. What is r(2)?
59
Let j(l) = l**3 + 14*l**2 + 11*l + 10. Determine j(-13).
36
Let p(u) = -5*u + 23. Calculate p(6).
-7
Let b(k) = -5*k**2 + 10*k - 5. Calculate b(1).
0
Let k(x) = -x**2 + 27*x. What is k(27)?
0
Let z(g) = g**2 - 19. What is z(-5)?
6
Let r(x) = x**2 - 24. Calculate r(-6).
12
Let h(n) = n**3 + 5*n**2 - 4*n - 2. Determine h(2).
18
Let j(c) = 4*c + 46. Determine j(-8).
14
Let a(w) = w**2 - 23*w + 109. What is a(17)?
7
Let d(b) = -b + 44. What is d(24)?
20
Let b(a) = 12*a - 2. What is b(-2)?
-26
Let v(b) = b**2 - 10*b - 26. Determine v(11).
-15
Let c(q) = q**3 + 9*q**2 - 14*q. Give c(-10).
40
Let n(o) = -o**2 + 5*o + 86. Calculate n(14).
-40
Let u(b) = -11*b - 100. Give u(-10).
10
Let z(y) = 9*y + 6. Give z(5).
51
Let x(o) = -o**2 - 5*o. What is x(-3)?
6
Let g(u) = u**2 - 2*u + 19. What is g(7)?
54
Let o(r) = -7*r**2 + 2. Give o(2).
-26
Let h(m) = m**2 - 3. What is h(-3)?
6
Let n(s) = -s**2 + 9. What is n(4)?
-7
Let m(w) = -w**3 + 37*w**2 + 40*w - 81. What is m(38)?
-5
Let m(z) = -z**2 + 5*z + 5. Give m(-5).
-45
Let r(d) = -d**2 - d + 86. Give r(0).
86
Let l(a) = a**2 - 29*a + 104. Calculate l(25).
4
Let t(b) = 6*b - 6. Determine t(5).
24
Let z(n) = 6*n - 3. What is z(2)?
9
Let g(w) = w**3 + 8*w**2 + 3*w. What is g(-2)?
18
Let v(x) = x + 4. Give v(-9).
-5
Let r(q) = -q**3 + 23*q**2 + 24*q - 28. Give r(24).
-28
Let m(l) = 13*l**2 + 7*l + 6. What is m(2)?
72
Let y(d) = -4*d + 5. Calculate y(8).
-27
Let w(c) = -52*c**2 - 4*c - 2. Give w(-1).
-50
Let m(b) = -3*b**2 + 20*b + 46. What is m(-2)?
-6
Let z(y) = -2*y**2 + 11*y - 12. Calculate z(6).
-18
Let u(f) = -7*f - 15. Calculate u(-4).
13
Let s(k) = -k**2 + 6*k - 5. What is s(4)?
3
Let m(i) = -7*i**3 - i**2 - 2*i - 2. Give m(-1).
6
Let x(y) = -19*y**3 + 2*y**2 + y - 1. Give x(1).
-17
Let g(c) = -c**2 + 15*c - 6. Determine g(14).
8
Let q(c) = -7*c - 52. What is q(-7)?
-3
Let k(f) = -f**3 + f**2 + 1. Calculate k(0).
1
Let r(a) = a - 10. What is r(8)?
-2
Let p(h) = -2*h**2 + 12*h + 7. Determine p(9).
-47
Let z(n) = n**3 + 8*n**2 + 11*n + 42. Calculate z(-7).
14
Let m(c) = c**3 - 6*c**2 - 6*c + 1. What is m(8)?
81
Let v(w) = -w**3 - 3*w**2 + 5*w - 2. Determine v(1).
-1
Let r(x) = -x**3 - 9*x**2 + 37*x + 8. What is r(-12)?
-4
Let b(n) = 2*n**3 + 16*n**2 + 5*n + 4. Give b(-8).
-36
Let h(j) = -j**2 - j - 66. Give h(0).
-66
Let y(m) = -3*m**3 - 2*m**2 - m. Give y(-1).
2
Let h(f) = 2*f**2 + 3*f + 52. What is h(0)?
52
Let z(m) = -m**2 - 13*m + 10. Determine z(-13).
10
Let z(f) = f**3 - 18*f**2 - 26*f + 55. What is z(19)?
-78
Let i(k) = 2*k**3 - 25*k**2 - 23*k + 130. Calculate i(13).
0
Let s(q) = q**3 + 5*q**2 - 14*q - 51. Give s(-6).
-3
Let s(a) = 28*a - 23. What is s(-5)?
-163
Let a(m) = m**2 - 13*m + 8. Give a(18).
98
Let z(w) = w**3 - 4*w**2 + 23*w - 35. What is z(2)?
3
Let d(h) = 5*h + 36. What is d(13)?
101
Let p(u) = -u**3 + 7*u**2 - 10*u + 13. Calculate p(5).
13
Let l(s) = -s**3 - 4*s**2 - 3*s + 4. Determine l(-3).
4
Let l(v) = -v**2 + 3*v + 10. Determine l(5).
0
Let a(x) = -2*x**3 + 5*x**2 + 45*x - 15. What is a(6)?
3
Let z(s) = 2*s**3 - 4*s**2 + 4*s. Determine z(1).
2
Let f(l) = -l**3 - 2*l**2 + 4. Give f(0).
4
Let j(h) = -h**2 - 5*h - 8. What is j(-8)?
-32
Let p(a) = -a - 11. Give p(-5).
-6
Let k(x) = 11*x - 24. What is k(2)?
-2
Let h(k) = 26*k**2 + k + 1. What is h(-1)?
26
Let b(z) = z**3 + 18*z**2 + 17*z + 19. What is b(-17)?
19
Let s(t) = t**2 - 10*t + 18. 